t p(k) = 11*b(k) + 6*c(k). Give p(-7).
0
Let v(q) = 2*q + 9. Let f = 31 + -38. Give v(f).
-5
Let p be 2 - ((-44)/(-12) + -4)*6. Let f(m) be the first derivative of 6*m - 1/3*m**3 - 5/2*m**2 - p. Calculate f(-6).
0
Let m be -5 - 8*6/(-12). Let k(t) = -26*t**3 - 2*t**2 - 2*t - 1. What is k(m)?
25
Let g be (-61)/9 + (-8)/36. Let s(n) = 4*n**2 - 7. Let h(w) = 3*w**2 - 6. Let q(i) = g*h(i) + 6*s(i). Give q(1).
3
Let u(l) be the first derivative of -1/3*l**3 + 4*l + 4 + 1/2*l**2. Suppose -4*t = t + 15. Calculate u(t).
-8
Let v(s) = -2*s - 1. Suppose -4*w - 3*h = 2*h + 11, 12 = -4*h. Determine v(w).
-3
Let i(p) be the second derivative of p**3/6 + 7*p**2/2 - 28*p. Determine i(-3).
4
Let n(t) = t**3 + 5*t**2 - t - 3. Let m be n(-5). Suppose -25 = -m*v - 3*v. Let h(y) be the first derivative of -y**3/3 + 2*y**2 - y + 2. Give h(v).
-6
Let f(i) be the first derivative of -2*i**2 - 3*i + 6. Calculate f(-2).
5
Let o(m) = -m**3 + 3*m**2 + m. Suppose -2*g + 7*g = 15. Determine o(g).
3
Let d(v) = -51*v**2 + 25*v**2 + v**3 + 4 + 28*v**2. Give d(-3).
-5
Let s(i) = 7*i - 3 - 14*i + 9*i - i**2. Let t(q) = 2*q - 2. Let l be t(2). What is s(l)?
-3
Let i(h) be the second derivative of -h**4/12 + h**3/6 - h**2/2 - 14*h. Determine i(1).
-1
Let m(r) = -3*r - 17. Let d be m(-6). Let i(f) = -5*f - 1. Determine i(d).
-6
Suppose -8 = -15*d + 19*d. Let j(l) = 2*l**2 - 11*l + 3. Let u(s) = -s**2 + 6*s - 2. Let g be -1 + (0 - 0) - 6. Let f(q) = g*u(q) - 4*j(q). Calculate f(d).
-6
Suppose 6*h + 32 = 2*h. Let d = -11 - h. Let w(s) = -s. Let j(b) = 1. Let k(i) = j(i) - 3*w(i). Calculate k(d).
-8
Suppose 0 = 3*h + h. Let r(i) be the second derivative of -i**3/3 + 9*i**2/2 - 3*i. Let w(z) = z - 8. Let p(o) = -2*r(o) - 3*w(o). Give p(h).
6
Let w(j) = -7*j**2 - 13*j + 1. Let m(g) = -11*g**2 - 19*g + 1. Let c(s) = 5*m(s) - 8*w(s). Give c(-10).
7
Let g(y) = -y**3 - 3*y**2 + 5*y + 3. Let r = -3 + 7. Let p be 58/(-3) + r/(-6). Let v be 84/p + (-1)/(-5). Give g(v).
-1
Let t = 9 + -10. Let m(o) be the first derivative of o**3/2 - o**2/2 + o - 2. Let u(g) be the first derivative of m(g). Calculate u(t).
-4
Let v(b) = -b**2 - 13*b - 9. Let z be v(-11). Suppose 3*y = y + 2*g, 4 = 4*y - 2*g. Let l(m) = -y*m + 3*m - 9 + z. Give l(-5).
-1
Let g(v) = -2 - 30*v + 52*v - 26*v. Give g(-2).
6
Let f(h) = h**3 - 6*h**2 - 8*h + 7. Let a be (-30)/20 - (-2)/((-4)/(-17)). What is f(a)?
0
Let z(a) = -5*a + 1. Let h(k) = -1 + 0 - 3*k + 2*k. Let w be h(0). Let p(n) = n**2 + n. Let v(u) = w*p(u) - z(u). Give v(3).
2
Let j(i) = i + 4. Let b be j(-4). Let r(q) = b*q**2 - 1 + q**3 + 2*q**2 - 2*q**3 + 4*q. Let s be (12/(-10))/(2/(-5)). What is r(s)?
2
Let s(w) = 16*w + 3*w**2 + 16*w - w**3 - 41*w + 14*w. Calculate s(4).
4
Let k(a) = -a**2 + a + 12. Let o be (4 + 2)/((-3)/(-2)). Suppose -o*m = -m. Calculate k(m).
12
Suppose 2*o - 7*o + 10 = 0. Suppose -o = -s - 3*r, 2*r = s - 3 + 6. Let v be (-2)/s - (-1 + 1). Let d(k) = 2*k**2 - 3*k + 2. Calculate d(v).
4
Let n(g) = -g - 3. Let h be (0 - 6)/(1 - 0). Calculate n(h).
3
Suppose 5*j = 4*j + 5*t, 0 = -2*j + 4*t + 6. Let c(o) = o - 8. Let l be c(j). Let g(i) = i**3 + 3*i**2 - i + 2. Give g(l).
5
Let v = -3 + 1. Let j be v/(0 - 2) - -2. Let c(a) = -a**2 - a + 4. Determine c(j).
-8
Let d(b) = b**3 + 5*b**2 + 4*b + 1. Let x be 5 - (-2 - (-2 + -1)). Suppose 6 = -x*h - 6. What is d(h)?
7
Let f(p) = p**3 - 7*p**2 + 8*p - 6. Suppose -4*t = -6*t + 12. Give f(t).
6
Let x be (-2)/(2/(-8)*2). Let n(u) = -u**2 + 2. Let k be n(0). Let w(q) = -q + x + 4 - k. Calculate w(5).
1
Let s be 0/(9/3) + 0. Let z(r) be the third derivative of 0 - 3*r**2 + 1/12*r**4 + s*r + r**3. Determine z(-4).
-2
Suppose 0 = -3*p - 5*p - 32. Let q(h) = -h**2 - 9*h - 6. Calculate q(p).
14
Let y(q) = -q - 4. Let n be -1 + 0 + (10 - 11). Let x be 2 + 2 + n + -2. What is y(x)?
-4
Let g(v) = -1 - 3 - 19*v + 20*v. Calculate g(3).
-1
Suppose 0*h + 2*h = 2. Let z(n) be the third derivative of -n**6/15 - n**5/60 - 2*n**2. Determine z(h).
-9
Suppose 3 + 6 = 3*c. Let l(a) be the first derivative of -2*a + c + 3/2*a**2 - a**3. What is l(2)?
-8
Let b(a) = -a**3 + 6*a**2 - 7. Let x be 2 - 11/(66/(-24)). Calculate b(x).
-7
Let y(b) = -16*b**2 + 25*b + 9. Let z(l) = 3*l**2 - 5*l - 2. Let x(m) = -2*y(m) - 11*z(m). Determine x(5).
4
Suppose -5*y = i - 2*i + 10, 3*i - 14 = -y. Let b = -2 + 3. Let g(w) = -4*w - 6*w**2 - b + 4*w. Determine g(y).
-7
Let g(d) = 5*d**2 - 1. Suppose 2*z = -z + 18. Let f(n) = -11*n**2 + 2. Let h(j) = z*f(j) + 13*g(j). Let o be h(0). Let w(k) = 2*k**3 + k**2. Calculate w(o).
-1
Suppose 0 = -4*w - 6 + 30. Let g(l) = -l**3 + l + 1. Let d(q) = -3*q**3 + 6*q**2 + 3*q - 5. Let x(n) = d(n) - 2*g(n). Give x(w).
-1
Let m be (-2)/12 - 2*21/(-36). Let j(a) = -a**2 - 4 - a + 5 + 0*a. Determine j(m).
-1
Let j(q) = -q - 2. Let r be j(0). Let y = -2 - r. Let b(w) = 5*w + y + w**3 + 1 + 0*w**3 + 6*w**2. Calculate b(-5).
1
Let i(a) = 2*a - 2. Let s = 3 + 0. Let m(b) = 3*b - 1. Let o(h) = s*m(h) - 4*i(h). Let f be o(-6). Let x(g) = 2*g + 1. What is x(f)?
-1
Let s(w) = -15*w**3 + 2*w - 1. Suppose -10*x + 2 = -8*x. Calculate s(x).
-14
Suppose 2*q - q = 2. Let w be 3/(3/(-1)) + q. Suppose 3*r - w = 2. Let j(g) = -4*g - 1. Determine j(r).
-5
Let n be (-3)/(-4) + (-1)/(-4). Let l(k) = -k. Let o(i) = -2*i. Let u(s) = -4*l(s) + 3*o(s). Give u(n).
-2
Let w(d) be the first derivative of -d**3/3 + 2*d**2 - 12. Calculate w(6).
-12
Let g(p) = -p**2 - 4*p. Let x be (1/2)/(3/18). Suppose 4*f = -20, 3*f - x = 4*t + 2. Calculate g(t).
-5
Let b(y) = 2*y**2 + 7*y + 8. Suppose -2 = -2*z + 4. Let r(u) = -3*u**2 - 8*u - 9. Let c(l) = z*r(l) + 4*b(l). What is c(6)?
-7
Suppose -5*c - 2*j - 4 = -19, 0 = -4*j. Let f(w) = -2 + 1 + 1 - c*w. Calculate f(1).
-3
Let t(s) = -6*s**2 - 4*s - 7. Let n(i) = -i**2 - i - 1. Let l(g) = 5*n(g) - t(g). Let z be l(2). Let k(j) = -3 - 5*j - 4 + z + j**2. What is k(5)?
-3
Let p(r) = 8*r**2 - 25*r - 17. Let z(b) = -2*b**2 + 6*b + 4. Let y(k) = -2*p(k) - 9*z(k). What is y(4)?
14
Suppose 0 = 5*s - 0*s - 4*h + 6, -4*s = 5*h - 28. Let x(i) = i + 0*i**2 + 0*i**2 + 4*i**2 - 1 + 0*i**s. What is x(1)?
4
Let y(s) = -s**2 + s + 4. Suppose 0 = 3*x - 8 - 76. Let l = -18 + x. Let k = 7 - l. What is y(k)?
-8
Suppose 17*f - 18*f - 2 = 0. Let n(g) = -g - 2. Calculate n(f).
0
Let j(p) = p**3 - 1 - 8 + 1 + 6 + p + 5*p**2. What is j(-4)?
10
Suppose 0 = 3*x - 0 - 24. Let s(r) = -10 + 6 + r - x. What is s(5)?
-7
Let q(f) = -f**2 - 6*f + 3. Let r be q(-7). Let b(d) be the first derivative of -d**2/2 - 5*d + 6. Determine b(r).
-1
Let f(h) = -h - 8. Let b(w) = w**3 + 6*w**2 - 5*w - 7. Let k be b(-6). Let t = k - 14. Suppose -26 = 5*i + 4*r, 0 = -0*i + 2*i + 3*r + t. What is f(i)?
-2
Let g(j) = -84*j**2 - 80*j**2 + 163*j**2 + 5*j - 4. What is g(4)?
0
Suppose 4*f = -3*v + 34, -v - 2*v = 2*f - 26. Suppose v - 3 = -3*m. Let l(j) = -8 + 1 + 9*j + 8. Calculate l(m).
-8
Let i(q) = -2*q**2 - q - 1. Let l be i(-1). Let g = l + 5. Suppose g = -4*u + 7. Let f(k) = 7*k + 1. Calculate f(u).
8
Let u be 4/(-10) - 16/10. Let z(a) = -6. Let r(j) = -j + 24. Let o(n) = u*r(n) - 9*z(n). Let i be ((-4)/5)/(3/15). Give o(i).
-2
Let h(o) = o**2 - 3*o - 2. Let p be 2 + -2 - 3 - -1. What is h(p)?
8
Let t(b) = -3*b**2 - 4*b - 5. Let n(r) = -7*r**2 - 7*r - 11. Let q(x) = 2*n(x) - 5*t(x). Determine q(-4).
-5
Let p(j) = -j**2 + 9*j + 3. Let x(k) = k**3 - 4*k**2 + 2*k - 1. Let g be x(4). Determine p(g).
17
Let t(i) = 7*i**2 - 21*i - 12. Let d(u) = 4*u**2 - 11*u - 6. Let w(s) = -5*d(s) + 3*t(s). Determine w(8).
-6
Let o(l) = -l**2 + 2*l - 4. Let p be o(3). Let j(r) = r + 7. Give j(p).
0
Let h(w) be the first derivative of -w**3/3 - 14*w - 1. Suppose -3*p = -p - 4*k - 20, -5*p + 10 = -2*k. Determine h(p).
-14
Let k(l) be the third derivative of 0*l - 7/6*l**3 - 1/60*l**5 + 6*l**2 + 0 - 1/3*l**4. Calculate k(-5).
8
Let y(z) = 18*z**3 + 5*z + 3. Let o(q) = -9*q**3 - 3*q - 2. Let f(b) = 5*o(b) + 3*y(b). Let l(r) = -r. Let s be l(1). Calculate f(s).
-10
Let g(b) = b**2 + b - 1. Let m be g(-2). Let n(f) = -3*f - 4 - m - 6*f + 6*f. Give n(-4).
7
Let g(v) be the second derivative of v**5/20 + 7*v**4/12 + v**3/3 + 3*v**2 - 3*v + 5. Calculate g(-7).
-8
Suppose -5 + 11 = 2*v. Let u be (1/v)/((-5)/(-45)). Let m(j) = j**3 - 3*j**2 + j - 2. What is m(u)?
1
Suppose -4*r - 5